a + 1. Suppose 0 = 3*m - 5*m. Let r(u) = u**3 + 11*u**2 + 9*u. Let s be r(-10). Suppose m*k + s = -5*k. Calculate g(k).
7
Let x be 14/6 - 1/3. Let h(t) = 8*t**x + t + 4*t - 10*t**2. What is h(4)?
-12
Let i(q) = -7*q**2 - q + 2. Let k(j) = 15*j**2 + 3*j - 5. Let x(g) = -g**2 + 2*g + 2. Let d be x(-3). Let s(l) = d*i(l) - 6*k(l). What is s(4)?
0
Let i(q) = q + 2. Let n(k) = k + 3. Let x(d) = d**3 - 6*d**2 + 7*d - 7. Let h(j) = -3*j - 1. Let r be h(-2). Let l be x(r). Let o be n(l). Determine i(o).
8
Let a(p) = -3*p - 123 + p**3 + p - 3*p**2 + 125 + 0*p. Determine a(4).
10
Suppose 0 = -0*h + 4*h - 3*l - 25, -2*h = -5*l - 23. Let t(k) be the second derivative of -k**5/20 + k**4/4 + k**3/2 + 5*k**2/2 - 6*k. Give t(h).
1
Let u(k) = -2*k + 4. Suppose -3*y = 2*b - 3, 2*y + 36 = -b + 6*b. Let i(n) = -n + 14. Let v be i(b). Let x(w) = w - 3. Let t be x(v). Give u(t).
-6
Let k(h) = -h**2 - h - 7. Let u = 9 + -2. Suppose -u*f = -8*f. Give k(f).
-7
Let f = 12 - 4. Let u(g) = -g**2 + f - 5*g + 2*g - 2. Let t(q) = -9*q + 49. Let m be t(6). Calculate u(m).
-4
Let t(y) = -y + 7. Let u(n) = -n - 1. Let c(g) = t(g) + 2*u(g). Let a(p) = -p**2 + 19*p - 74. Let w be a(13). Calculate c(w).
-7
Suppose -225 = -12*m + 7*m. Let t = m - 46. Let k(u) = 7*u**2 - u. What is k(t)?
8
Suppose 2*j = 2*r - 14, j + 1 = -0*r - 2*r. Let f(s) be the second derivative of -1/20*s**5 - 1/2*s**r + 5/6*s**3 + 1/3*s**4 + 7*s + 0. Determine f(5).
-1
Suppose 0 = 3*r - 15 - 12. Suppose -5*z - 26 = r. Let g(s) = 2*s + 4. Give g(z).
-10
Let d(r) = -r**2 - r + 2. Suppose 26 = -5*b + 2*c, 2*c = -2*c - 8. Let h(v) = v - 1. Let l(f) = -f. Let t(w) = b*l(w) - 5*h(w). Let m be t(-8). What is d(m)?
-4
Let c(i) = i**3 + 3*i**2 - 9*i - 23. Let f be c(-7). Let r = -157 - f. Let h(l) = 12*l**3 - 2*l**2 + 1. Determine h(r).
-13
Let c(j) = -5*j**2 + 23*j + 12. Let s(k) = 2*k**2 - 7*k - 3. Let l(g) = -3*c(g) - 8*s(g). Calculate l(-9).
24
Let c(n) be the first derivative of -2*n**3/3 - 2*n**2 - 5*n + 234. Let a = -17 + 13. Calculate c(a).
-21
Let o(t) = -t + 4. Suppose 14 = 3*s - 4*l + 3, 3*s = -l + 16. Suppose -s*x - 3 = 3*p, 0 = 3*p - 5*x - 1 - 26. What is o(p)?
0
Let p(j) = 2*j + 2. Let s be p(-2). Let k = 192 + -130. Let v(i) = 3 + 0*i**2 - 63*i**3 + i**2 + k*i**3 + 4*i. What is v(s)?
7
Let q = 74 - 80. Let l(z) = 8*z + 11. Let j(a) = -5*a - 6. Let v(m) = q*l(m) - 10*j(m). Let t(o) = o**3 - o**2 + o + 6. Let x be t(0). Give v(x).
6
Let t(i) = -i**2 - 4*i + 3. Let z(p) = 2 - 6 + 4*p - 2*p - p. Let u(w) = w**3 + 7*w**2 - 9*w - 8. Let o be u(-8). Let v be z(o). Calculate t(v).
3
Let h(z) be the second derivative of 5*z**3/6 + z**2 - 11*z. Let x(i) = -26*i - 10. Let p(q) = -16*h(q) - 3*x(q). Calculate p(-4).
6
Let v(p) be the first derivative of -3*p**4/4 - 2*p**3/3 + 3*p**2/2 - p - 55. Calculate v(2).
-27
Let n(a) = 27*a - 86. Let o be n(3). Let r(z) = -5 - 4*z**2 + 3*z**2 - 2*z**2 + 2*z**2 - 4*z. Give r(o).
-10
Let t(c) be the second derivative of 1/12*c**4 + 0*c**3 + 1/2*c**2 + 0 - 9*c. Calculate t(-2).
5
Suppose -2*f - 5*r = -f - 8, 8 = 4*f - 4*r. Let j(b) = -b**2 + b + 1. Determine j(f).
-5
Let p(h) = -104*h + 32*h + 30*h - 3 + 39*h. Determine p(4).
-15
Let x(d) be the second derivative of -d**5/60 + 7*d**4/24 - 4*d**3/3 - 17*d**2/2 - 8*d. Let m(w) be the first derivative of x(w). What is m(6)?
-2
Let d = -61 + 66. Let u(h) = -12*h + 3 + 8*h**2 - h**3 - 6 + d*h. What is u(7)?
-3
Let x(u) be the second derivative of u**5/20 + u**4/2 + u**3/2 + 4*u**2 - 7*u. Let t = -16 + 10. Give x(t).
-10
Let g(d) = -11*d**3 + 9*d**2 - 4*d + 2. Let j(i) = 15*i**3 - 10*i**2 + 3*i - 1. Let k(t) = -4*g(t) - 3*j(t). Give k(-6).
-47
Let z(m) be the first derivative of 6 - 1/2*m**2 - 3*m. Suppose 2*t - 6 = 3*h, 0*h = -t + 5*h + 3. What is z(t)?
-6
Suppose 0 = -2*d, 10*t - 6*t - 4*d + 28 = 0. Let w(b) = -b**3 + b**2 + 3. Let k be w(0). Let f(z) = 5*z - 4*z + k - 4*z + 4*z. Calculate f(t).
-4
Let j(n) be the third derivative of -n**4/24 - n**3/3 - 3*n**2. Let v(g) = -4*g - 112. Let m be v(-26). What is j(m)?
6
Let b(k) = 17 + 10*k**3 - 7 - 7*k - 3*k**3 - 8*k**2 - 2*k. Let z(r) = 3*r**3 - 4*r**2 - 5*r + 5. Let d(y) = 2*b(y) - 5*z(y). Determine d(5).
5
Let s(t) = -48 + 94 + t**3 - 7*t**2 - 51. Let o = -31 - -38. Calculate s(o).
-5
Let a(p) = -8 + 13*p + 11*p - 25*p. Give a(7).
-15
Let h(c) = -c**2 + 5*c + 2. Suppose 3*x = 4*r + 4, 4*x + 0*r - 12 = 4*r. Suppose x + 4 = -4*i, 5*t - 4*i - 7 = 0. Let u be 3/(1*(2 + t)). Give h(u).
8
Let c(m) = m**2 + 5*m. Let r = 36 + -30. Suppose 0 = -7*k - 22 - r. What is c(k)?
-4
Let p(q) be the first derivative of -q**4/4 + 8*q**3/3 - 9*q**2/2 + 6*q - 1. Let y = -823 + 830. Give p(y).
-8
Let y(s) be the third derivative of -1/6*s**3 + 0*s + 0 - s**2 - 1/12*s**4. Let l(i) = -i**2 - 6*i + 10. Let t be l(2). Give y(t).
11
Let q(m) = m + 3. Let j(f) = f - 1. Let x be (-2)/(-6)*3 - 0. Let h be ((-1 - -3) + x)*-1. Let z be j(h). Give q(z).
-1
Suppose -b = -3*p - 16, 0*b = b - 1. Let x(k) be the first derivative of -k**2 - 2*k - 1. Determine x(p).
8
Let s(z) = 2*z - 25. Let b = -94 - -109. Calculate s(b).
5
Let p(b) be the third derivative of -b**5/60 - 7*b**4/8 - 7*b**3/2 + 3*b**2 + 34. Calculate p(-20).
-1
Let w(v) be the first derivative of -v**4/4 + 2*v**3 - 5*v**2/2 + 3*v + 436. Give w(3).
15
Let o(g) = -2*g - 6. Let z be o(-3). Suppose -5*f + 5 + 0 = z. Let c(r) = 3*r**2 - r. What is c(f)?
2
Let n(j) = 10 + 21*j**2 + j**3 - 42*j**2 + 22*j**2. Let o be n(-3). Let x(g) = g + 8. Determine x(o).
0
Let y(t) = 5*t. Let k be y(-1). Let p(r) be the third derivative of -r**4/12 - 7*r**3/6 - 11*r**2. What is p(k)?
3
Suppose 3*u = -u + 4*f, -10 = -5*f. Let b(r) = -2*r + 39. Let y be b(0). Let c(l) = 3 + y*l - 19*l - 23*l. Determine c(u).
-3
Suppose -21*a + 17*a + 20 = 0. Let w(p) = p**3 - 4*p - 12 - 21 + 29 + a*p**2. Calculate w(-5).
16
Let y(l) = -7*l**3 - 11*l**2 - 4*l - 8. Let r(x) = 8*x**3 + 14*x**2 + 4*x + 7. Let g(f) = -6*r(f) - 7*y(f). Calculate g(6).
2
Let o(b) = 2*b - b + 5*b + 10*b - 14*b + 5. Determine o(-4).
-3
Let f(z) be the third derivative of z**8/6720 - z**7/504 - z**6/240 + z**5/24 + 13*z**4/8 + 11*z**2. Let g(k) be the second derivative of f(k). Determine g(4).
-23
Let r(l) = l**2 - 5*l + 6. Suppose v + 21 - 145 = 2*h, 5*h - 5*v = -320. Let q be ((h/3)/(-2))/2. Calculate r(q).
6
Let d(z) = -6*z - 57. Let s be d(-11). Let q(j) = j**2 - 7*j - 5. Give q(s).
13
Let n(o) = 5*o**3 - 27*o**2 + 51. Let h(y) = -y**3 + y**2 - 3*y - 1. Let r(d) = 6*h(d) + n(d). What is r(-20)?
5
Let x = -28 + 30. Let j(v) = -x - 2*v - 2*v + 3*v. What is j(-3)?
1
Let r(n) be the third derivative of 1/3*n**3 - 1/60*n**5 + 0*n + 11*n**2 + 0 - 1/6*n**4. Calculate r(-4).
2
Let o(y) = -2*y + 1. Let h be o(-2). Suppose -2 = q - 3*q, -h*f = -q - 9. Let r(v) = 2*v**f - v**2 - 1 - 2*v**2 + 2*v**2. Give r(0).
-1
Let p(y) = 19*y**3 + y + 1. Let g be p(-1). Suppose 31*x - 33*x - 46 = 0. Let c = x - g. Let r(m) = m**3 + 4*m**2 - 2*m - 2. What is r(c)?
6
Let i be 6 + -5 - 7*-1. Let c(u) = -i*u + 20*u + 2 - 13*u + 0. Give c(-5).
7
Suppose -2*m + 4*s = -10, -5*m - 2*s = -0*s - 13. Suppose 0 = -4*h + h - m. Let r(f) = 10*f**2 - f. Give r(h).
11
Let x(o) = o - 1. Let u(g) = g. Let m(p) = -7*u(p) + 6*x(p). Let k be 4/(-10) + 4/10. Suppose -3*j + 2 - 11 = k. Give m(j).
-3
Let t(f) = -f**3 + 3*f + 2. Suppose 3*o - 4*i + 6 = 0, 0*o - 2*o - 5 = -3*i. Suppose -o*b - 4*y = 0, -5*b - 1 = 3*y - 8. Suppose -2 = b*k + 2. Calculate t(k).
4
Suppose -6*n + 0*n = -54. Suppose -14*f + 11*f = -n. Let k(d) = d. What is k(f)?
3
Let d(u) = u**3 - 5*u**2 + 6. Let j = -3 + 6. Suppose -5*q - 4*r = -34, 2*r - j - 9 = -2*q. Suppose 13*c = q*c + 15. What is d(c)?
6
Suppose -5*g - 23 = -w, -4*w + 14*g = 12*g - 2. Let q(r) = 2*r**2 - 3*r - 8. Determine q(w).
6
Suppose -4*j - j + 30 = 0. Let a = j + -7. Let y(z) be the third derivative of 5*z**4/24 - 2*z**2. Give y(a).
-5
Let x = 7 + -4. Let h(a) = -a**x + 1 + 3 + 2*a - 6. Let s be ((-3)/9)/(5/(-30)). What is h(s)?
-6
Let y(g) be the first derivative of g**2 + 2*g - 56. What is y(6)?
14
Let s(t) = t**2 - 5*t - 3. Suppose 46*f + 54 = 238. Determine s(f).
-7
Let r(k) = 27*k + 12. Let o(j) = -19*j - 11. Let b(u) = 4*o(u) + 3*r(u). Calculate b(11).
47
Let z(h) be the second derivative of h**4/4 + h**3/3 - 49*h**2